 r**2 + r - 3. Suppose 0 = 5*p + 2*m + 2, m + 1 = p - 0*m. What is a(p)?
-3
Let l be 6/4*(-160)/(-30). Let i(c) = -l*c + c + 6*c**2 - 8 + 11 - 4*c**3 + 3*c**3. Calculate i(5).
-7
Let u(p) = -p**2 + 27. Let f be u(-5). Let i(h) = -3259*h + 3 - 14*h**f - 4 - 6 + h**3 + 3273*h. Calculate i(13).
6
Let m(b) = 11*b**2 - 3*b - 2. Let y(u) = -55*u**2 + 16*u + 10. Let s(v) = 11*m(v) + 2*y(v). What is s(-1)?
10
Let a(i) = -5 + 4 + i - i**3 - 1 + 3*i**2 + 4. Let q = -3 + 7. Give a(q).
-10
Let r(p) = -4*p + 5. Let y = -1004 - -1008. What is r(y)?
-11
Let v(y) = 9*y - 3*y**2 + 3*y**2 + 4*y**2 + 16 - 2*y**2 - 15. Give v(-6).
19
Let s(y) be the third derivative of y**6/120 - 3*y**5/10 + y**4/24 - 2*y**3/3 + 660*y**2. Calculate s(18).
14
Let p(j) = 6*j**2 - 5*j - 8. Let k(g) = -5*g**2 + 5*g + 9. Let w(t) = 2*k(t) + 3*p(t). Let v(h) = -8*h**2 + 4*h + 5. Let q(l) = -5*v(l) - 4*w(l). Give q(1).
7
Let s(l) be the first derivative of -7 + 1/2*l**2 - 2*l. What is s(2)?
0
Let o(s) = s**3 + 6*s**2 + 2*s - 7. Let f be (4 - 2 - (0 + -4))*-1. Give o(f).
-19
Suppose 71*g - 75*g = 28. Let i(w) = w**3 + 6*w**2 - 9*w - 2. What is i(g)?
12
Suppose -2 = -6*l - 14. Let w(z) = z**2 + 3*z + 2. Determine w(l).
0
Let r be 5 + 1 - (4 + -1). Let p(v) = -5*v + 8 + 9*v**2 - 3*v**2 - 11 - v**r. Give p(4).
9
Let k be 115/6 + (-1)/6. Let p = 19 - k. Suppose -7 = -2*j - 5*c, j - 8 = -4*c - p. Let r(i) = i**3 + 6*i**2 + 4*i - 4. Give r(j).
12
Let t(g) be the first derivative of -5*g**2/2 + 9*g - 679. Calculate t(8).
-31
Let c(b) = -b**2 + 7*b - 5. Let o(v) = 3*v**2 - 21*v + 14. Let s(u) = -8*c(u) - 3*o(u). Determine s(7).
-2
Let l(i) be the second derivative of -i**5/20 + i**3/6 + 3*i**2/2 + 5373*i. Let j be 2 + (-3)/(-1) - 2. What is l(j)?
-21
Let j(k) be the second derivative of k**4/12 - 7*k**3/6 + k**2 - k. Suppose 4*v - 13 = -2*i + 27, 3*i = 3*v + 42. Suppose -2*a - 8 + i = 0. What is j(a)?
-10
Let v(y) = -y**3 + y**2 - 2*y + 4. Let o be 3/(-4)*-1*32/12. Calculate v(o).
-4
Let b(w) = 795*w - 6 - 796*w - 4*w**2 - w**3 - 8*w**2. Determine b(-12).
6
Let y(k) be the first derivative of -k**3/2 - 3*k**2 + 9*k + 1. Let n(s) be the first derivative of y(s). Let q(a) = a - 1. Let v be q(-3). Give n(v).
6
Suppose -104 = 4*o - 30*o. Let a(i) = -3*i + 6. What is a(o)?
-6
Let w(x) = 5*x**2 - x. Let s be (-268)/(-12) + 1/(-3). Suppose -s*q + 26*q = 4. Give w(q).
4
Let a be 3/(-3 - 72/(-20)). Suppose -20 = -5*m - 3*r + a, -4*m + 13 = r. Let k(l) = -8 + l**m + 6 + 0*l**2. What is k(-2)?
2
Let c(x) = x + 1. Let o(b) = 6*b + 9. Suppose -1 + 9 = -4*f. Let t(p) = f*o(p) + 18*c(p). Let q = -1 - -2. Determine t(q).
6
Suppose 4*p - j + 21 = 0, 4*p - 4*j + 28 = 4. Let s(m) = -11*m + 5*m + 2*m**2 + 10*m + m - m**2 - 2. What is s(p)?
-2
Let a(l) = 3*l**3 + 13*l**2 + 10*l + 13. Let j(x) = -13*x**3 - 53*x**2 - 40*x - 52. Let m(p) = -9*a(p) - 2*j(p). Give m(-10).
-13
Let u = 1591 + -1589. Let v(y) = y**3 - 2*y**2 + 2*y. Determine v(u).
4
Let u(n) = n**2 - 6*n - 12. Let d be u(12). Suppose -d = x - 3*x. Let s = x + -27. Let m(j) = -j**2 + 3. Calculate m(s).
-6
Let d(a) = -20 + 10 + 11 + a. Let g(r) = 2*r - 1. Suppose u + 1 = -5*s, 3 = -3*u - 2*s - s. Let z(p) = u*g(p) + 3*d(p). What is z(0)?
4
Suppose -l - 67 = -61. Let u be 1/(-3) - (-1)/3. Let j = l - u. Let o(p) = p**2 + 6*p + 7. Determine o(j).
7
Let z(b) = b**3 - 12*b**2 + b - 7. Let h(f) = 5*f**2 + 6*f + 8. Let l(u) = 4*u**2 + 5*u + 7. Let s(g) = -3*h(g) + 4*l(g). Let i be s(-4). Determine z(i).
5
Let a be (1 + -2 - -1) + 29. Let s = 19 - a. Let h = s + 9. Let d(i) = -2*i**3 - i**2 - i - 1. What is d(h)?
1
Let t(i) = i + 1. Let z be (-2)/((-3)/(-3 + 0)). Calculate t(z).
-1
Suppose -5 = -11*m - 5. Let d(g) be the third derivative of 0*g + m + g**2 + 1/3*g**3 + 1/12*g**4. Calculate d(-4).
-6
Suppose o = 2*r + 5, -4*r + 2 - 5 = 5*o. Let s be r/3*33/(-22). Let f(i) = 12*i**2 - i + 1. Give f(s).
12
Let n be -14 - (1 + -4)/(-3). Let j = n - -10. Let t(v) = 0 + 0*v + 5 + 2*v. What is t(j)?
-5
Suppose 2*i + 8 = -2*i. Suppose 5 + 3 = 4*q - y, 4*y - 25 = -3*q. Let v(j) = -4*j - 2*j**2 + j + 2 - q - 2. What is v(i)?
-5
Let k = 0 - -1. Let q be (-13)/13 + k + 3. Let m(z) = 3*z + 3. Give m(q).
12
Let d(s) = -2*s + 2. Suppose -16 = -5*v - 1. Suppose c = -v*z + 3 + 10, 0 = 2*z + 2. Suppose 5*t = t + c. What is d(t)?
-6
Let t(x) be the first derivative of -3 - 2*x + 1/12*x**4 + 3/20*x**5 - 1/3*x**3 + 1/2*x**2. Let n(v) be the first derivative of t(v). Determine n(1).
3
Let l(g) = -g - 21. Let q be l(-19). Let z(c) = 4*c**2 - 2*c. Calculate z(q).
20
Let y be 0/2 - -3 - -2. Let i(u) = -5*u**2 - 6*u - 2. Let o(m) = 14*m**2 + 16*m + 7. Let w(f) = 11*i(f) + 4*o(f). What is w(y)?
21
Let p be 6/(-30)*0*1. Let v(a) be the third derivative of -a**6/120 + a**5/60 - a**3 - 6*a**2. Calculate v(p).
-6
Suppose -5*i + 3*i = 5*f, -3 = i + 4*f. Let a(w) = w - 7. Give a(i).
-2
Let l(a) be the first derivative of -2*a**3/3 + a - 369. Give l(-3).
-17
Let x(p) = -4*p**2 - 73*p - 81. Let j be x(-17). Let k(r) = 5*r**2 + 8*r - 2. Let l(z) = 4*z**2 + 8*z - 1. Let h(y) = 5*k(y) - 6*l(y). Calculate h(j).
-20
Let j(z) = -z**2 + 6*z - 4. Let d be j(6). Let p(f) be the third derivative of f**5/60 + f**4/8 + f**3/3 - 38*f**2. Give p(d).
6
Let b(x) = -3*x - 15. Let t(n) = n + 2. Let g(p) = -b(p) - 9*t(p). Let q(v) = 2*v + 1. Let i(u) = -6*g(u) - 17*q(u). Calculate i(-3).
-5
Let v(z) = -3*z - 2 - 3 + 4*z. Suppose -3*l - 12 + 36 = 4*a, -4*l - 5*a = -31. Give v(l).
-1
Let b(y) = y**3 + y**2 + 17*y + 17. Let n be b(-1). Let q(d) = -d**3 + d**2 - d - 3. Calculate q(n).
-3
Let o(h) = -23 + 8 + 6 + 5 + 4*h**2 + h**3. Let z be 70/42*(-1 - 2) + 2. Calculate o(z).
5
Let d(r) be the second derivative of 0 + 1/12*r**4 - 3/2*r**3 + 5*r**2 - r. Give d(8).
2
Let l(b) = 78*b - 1 + 2 + 4 - 79*b. What is l(4)?
1
Let w be -3*(-1)/2*10. Let r = -123 - -128. Suppose 5*v = -2*f - w, 3 = r*v - 5*f + 18. Let p(g) = g**3 + 4*g**2 + g + 2. Give p(v).
8
Let a(l) = l**3 - 5*l**2 + 4*l - 3. Let b be (-40)/50 + (-94)/(-5). Suppose -2*m + 24 = b. What is a(m)?
-9
Let p(m) = -m**2 + 6*m. Suppose -366*v - 36 = -370*v. Determine p(v).
-27
Let u(a) = -8*a**2 + 2*a + 4. Let v(h) = -3 + 12 + 3*h - 2 - 15*h**2. Let n = 3 + 2. Let w(x) = n*u(x) - 3*v(x). Give w(1).
5
Let w(k) = 6*k**3 - k**2 - 5*k - 14. Let c(b) = -11*b**3 + 2*b**2 + 9*b + 25. Let p(g) = 4*c(g) + 7*w(g). Determine p(2).
-8
Let g(q) = 0*q - 3 - q - 2. Suppose 2*j - 30*j = -5*j. Determine g(j).
-5
Let q(z) = -2*z - 19. Let w(k) = -2*k - 21. Let r(n) = -3*q(n) + 2*w(n). Calculate r(-11).
-7
Let l(h) be the first derivative of 26*h**2 + 2*h + 667. Give l(1).
54
Suppose 0*k = -5*k. Suppose -m + 2 = k, -4*j - 2*m + 1 = -5*j. Let c(d) = 3 - d + j - 3 - 1. Calculate c(0).
2
Suppose 4*z + 45 + 39 = 0. Let w = 18 + z. Let i(c) = -c**2 + 3*c + 3. Calculate i(w).
-15
Let o(l) = l**2 + 7*l - 6. Suppose 45 = b - 3*h, -4*b - 4*h + 5*h = -125. Suppose -n - 38 = -b. What is o(n)?
2
Let y(x) = x - 4. Let t be (-1 - -1)/(5 + -12 - -4). Let b(i) = i - 3. Let k be b(6). Suppose 5*n - 4*w - 5 = t, 3*n + 25 = 5*n + k*w. Calculate y(n).
1
Let x(b) = -12*b + 3. Let w = 431 - 433. Give x(w).
27
Suppose 0 = 2*p - p - 10. Let r be -3 + -4*5/p. Let v(n) = 20*n - 21. Let w(q) = -7*q + 7. Let a(o) = -6*v(o) - 17*w(o). Determine a(r).
12
Let q(x) = 2*x + 1. Let c(w) = 7*w + 4. Let z(f) = c(f) - 5*q(f). What is z(7)?
-22
Let s(c) be the first derivative of -c**3/3 - 4*c**2 - 12*c + 405. What is s(-4)?
4
Let m(q) = q - 1. Let s be (-5)/(-4) + 15/(-160)*-8. Determine m(s).
1
Let g(m) = 10*m**2 - 7 + 3*m + 9 - 9*m**2. Suppose i + 3 - 1 = 0. Calculate g(i).
0
Let v be (-844)/(-44) - (-16)/(-88). Let f(l) = 2*l - 39. Determine f(v).
-1
Let x(s) = s - 3. Let b(p) = -2*p**2 + 7*p + 4. Let w be b(-4). Let y = -48 - w. Calculate x(y).
5
Let x(w) = -74*w**2 - 65*w - 11. Let a(f) = -26*f**2 - 22*f - 4. Let h(z) = 17*a(z) - 6*x(z). What is h(-7)?
-16
Let f(i) be the first derivative of -i**6/360 + i**4/24 + 11*i**3/3 - 5. Let z(w) be the third derivative of f(w). Calculate z(-4).
-15
Let u(v) = -v**3 + v**2 + v - 2. Let d be u(0). Let w be d/((3 - 4) + 0). Let j(c) = c - w*c + 0*c - 2 - 3. What is j(-4)?
-1
Let g(t) = 0*t - 4 + 5*t + 4*t + 3. Suppose -3 = 5*w + 2. Determine g(w).
-10
Let f(y) = -y**2. Let n(z) = -